ulate the remainder when f is divided by 17.
15
Let x(g) = 3*g**3 + 2*g. Let r be x(2). Suppose 3*q + 0*q - 39 = -4*p, -5*p + 3*q = -69. What is the remainder when p is divided by 1/(-2*(-2)/r)?
5
Let s(t) = -t**2 + 29. Let o(n) = -3*n**2 + n**2 + n**2 + 4 + 7*n. What is the remainder when s(0) is divided by o(6)?
9
Let x be (-3)/(2 + 20/(-12)). Let m = 22 + x. What is the remainder when 50 is divided by m?
11
Suppose -35 = -5*v + 3*r + 12, 0 = -5*v + r + 49. Let u = v - 6. Calculate the remainder when 6 is divided by u.
2
Let m = -59 - -136. What is the remainder when m is divided by 27?
23
Suppose m + 4*m = 2*l - 92, -5*l + m = -230. Calculate the remainder when l is divided by -1*((-49)/3 + 6/18).
14
Suppose -197 - 7 = -4*d. Suppose 0 = -4*z + z + 168. Suppose 0 = i - 3*u - 0*u - z, i = 2*u + d. What is the remainder when i is divided by 21?
20
Suppose 3*x - 2*u = -2*x + 134, 3 = u. Calculate the remainder when x is divided by 8.
4
Calculate the remainder when 222/(-4)*2/(-3) is divided by 19.
18
Suppose -3*h = h - 44. Calculate the remainder when (-62)/((-3)/(6/4)) is divided by h.
9
What is the remainder when 66 is divided by (-3)/2*(7 - 17)?
6
Let f(b) = -b + 24. Let s be 4/(-6)*(-5 + -1). Suppose s*j = 12 + 8. What is the remainder when f(11) is divided by j?
3
Suppose -3*f + 8*f = 0. Suppose 2*p - 124 + 18 = f. Suppose 2*q - i - 30 = 2, -5*i = 3*q - 74. What is the remainder when p is divided by q?
17
Let b be (-1 - 9)*4/10. Let h(k) = -k**2 - 4*k + 4. Let s be h(b). Suppose 0*q + 2*q = -r + 51, 2*q = s*r + 26. Calculate the remainder when q is divided by 6.
5
Suppose -3*b + 6*b = 63. Let r = b - -6. Calculate the remainder when r is divided by 10.
7
Let k = 14 - 8. Let u = -4 + k. What is the remainder when 10/3 - (-10)/15 is divided by u?
0
Let l = 57 + -41. Calculate the remainder when 30 is divided by l.
14
Let b(d) = -d**2 + 7*d - 2. What is the remainder when 29 is divided by b(4)?
9
Let x be 12/(-4)*(-4)/(-6). Calculate the remainder when 14 + (-2 + 0 - x) is divided by ((-10)/(-15))/((-4)/(-30)).
4
Let b = 17 + -27. Let o = b + 11. Calculate the remainder when 1 is divided by o.
0
Let y = -20 - -23. What is the remainder when 7 is divided by y?
1
What is the remainder when -6*(16/9)/((-9)/27) is divided by 9 - 0*(-1)/(-2)?
5
Let n = -9 - -17. Let v(u) be the third derivative of u**5/60 - u**4/3 + 2*u**3/3 - 12*u**2. What is the remainder when 5 is divided by v(n)?
1
Suppose 26 + 37 = 3*k. Calculate the remainder when k is divided by 14.
7
Let f be 3 + -1 + 12 + -2. Let g = 26 + -17. Calculate the remainder when g is divided by (f/9)/(8/36).
3
Let i(v) = -9*v - 3. Let b be i(-2). Let x = 43 - b. Suppose -7*z = -2*z - 50. What is the remainder when x is divided by z?
8
What is the remainder when 61 is divided by (22/(-6) - -3)/(14/(-357))?
10
Suppose 7*o + 78 - 337 = 0. What is the remainder when 144 is divided by o?
33
Let c(a) = -a**3 + 13*a**2 + 3*a + 8. What is the remainder when c(13) is divided by (-2)/(-7) + 220/14?
15
Suppose 18 + 37 = 5*c. Let k = 32 + -2. Calculate the remainder when k is divided by c.
8
Let k = 5 - 2. Suppose 4*l - 32 = 3*w + 15, -k*w - 58 = -5*l. What is the remainder when 19 is divided by l?
8
Let w = -8 + 51. Let c(j) = -3 - 4*j + 4*j - 2*j - j. What is the remainder when w is divided by c(-6)?
13
Suppose -9*o + 12*o - 9 = 0. Let g(v) = -3*v**3 - v**2 + 4*v + 3. Let u be g(-2). Suppose 2*m = 5*m - u. Calculate the remainder when m is divided by o.
2
Let q(h) = -h**3 + 4*h**2 - 2*h + 4. Let f(u) = -u**3 + 9*u**2 - 10*u + 1. Let o be f(7). Let y = o - 11. Calculate the remainder when y is divided by q(3).
4
Let x(g) = 7*g - 11. What is the remainder when x(4) is divided by 9?
8
Suppose -3*d = -25 + 4. Suppose -4*s + 0 + 12 = 0. Calculate the remainder when d is divided by s.
1
Suppose -i = 3*i - 12. Suppose -2*q = -i*q - 5*k + 5, 2*k + 6 = 0. Let v(o) = -11*o. What is the remainder when q is divided by v(-1)?
9
Let v(y) = y**3 + 8*y**2 + 3*y + 7. Let n(a) = -a**2 + a + 3. Let j be n(4). Let t(f) = f**2 + 8*f + 9. What is the remainder when v(-7) is divided by t(j)?
17
Suppose 12 = -4*n - 28. Let o = n + 86. Calculate the remainder when o is divided by 26.
24
Suppose 152 - 555 = -4*o - 5*x, -5*x = 2*o - 189. Calculate the remainder when o is divided by 10.
7
Let a(h) = -3*h - 8 + 1 + 0. Let o(v) = v**2 - 1. What is the remainder when o(-4) is divided by a(-5)?
7
Let n(u) = -3*u. Calculate the remainder when ((-44)/6)/((-2)/3) is divided by n(-2).
5
Let n(b) = -b**3 + 5*b**2 + 6*b + 1. Let v be n(6). Let h = 16 - v. Let u = h - 2. What is the remainder when 37 is divided by u?
11
Let r = -2 - 1. Let q be (-3)/(1*r/24). Let c = q - 7. What is the remainder when c is divided by 6?
5
Suppose 0*v - v = -3*f - 3, f = 4*v - 12. Suppose 185 = 2*b + v*b. What is the remainder when b is divided by 10?
7
Suppose 4*b = b + 48. Suppose -5*o + 180 = 4*z, 0 = -z - 0*o - o + 45. Calculate the remainder when z is divided by b.
13
Let d = -88 - -95. Calculate the remainder when 32 is divided by d.
4
Let x = 199 - 100. What is the remainder when x is divided by 26?
21
Suppose 3*z + 1 = 34. Suppose 0 = w - 0 - z. Let g(f) = 2*f**3 - 2*f**2 - f + 1. Calculate the remainder when w is divided by g(2).
4
Suppose -3*b + 153 = -3*k, 2*b - 138 = -b - 2*k. What is the remainder when b is divided by 17?
14
Let a(i) = 8*i - 2. Let q be a(4). Suppose -4*n - 5*w = -29, 5*n - q = w - 1. Calculate the remainder when 11 is divided by n.
5
Let z(p) = -p**2 + 10*p + 7. Suppose 0*a = -3*a + 6. Suppose -41 + 7 = -a*j. What is the remainder when z(6) is divided by j?
14
Let r be 2/(-1) - (0 + -10). Calculate the remainder when 1 + 14/2 + -1 is divided by (1/2)/(1/r).
3
Let s be 1/1 + (-1)/1. Let r = 3 - s. Suppose -26 = -z - 2*q, 5*z + r*q = 2*q + 85. What is the remainder when z is divided by 9?
7
Suppose 4*b - 5*s = 113, 5*s = b + s - 31. Suppose -b = -5*l + 2*l. What is the remainder when l is divided by 6?
3
Let k = -34 - -39. Let l = 12 + -21. Let q = l - -18. Calculate the remainder when q is divided by k.
4
Let b = 67 - -1. What is the remainder when b is divided by 18?
14
Let g(v) = 6*v + 1. Calculate the remainder when 56 is divided by g(3).
18
Let b(l) = 2*l**2 - 2. Let y be b(-2). Let u = 4 - y. Calculate the remainder when (4/(-5))/(u/70) is divided by 10.
8
Let s(a) = 4*a**2 - a**2 + 0*a**3 + 2 - a**3. Let c be s(3). Suppose -c*m = -5*m + 15. What is the remainder when 14 is divided by m?
4
Let y(r) = 3*r**2 + 4*r + 3. What is the remainder when 7 is divided by y(-1)?
1
Suppose l = 4*s - 13, 4*s + 0*l - 9 = -3*l. Suppose -5*k + 32 = -s*k. Calculate the remainder when k is divided by -2 - (12 - 1)*-1.
7
Suppose -9 = x - 43. Suppose 2*h + x = 5*o - h, 3*h = -9. What is the remainder when 17 is divided by o?
2
Let x = -14 - -39. Calculate the remainder when x is divided by -2*(1 + 15/(-2)).
12
Let f = -96 - -111. Calculate the remainder when 239 is divided by f.
14
Let f(u) = 7 - 5 - 2*u + 2 + 3*u. What is the remainder when f(2) is divided by 3?
0
Let i = -18 - -86. Calculate the remainder when i is divided by 23.
22
Let r(c) = -5*c - 9. Calculate the remainder when r(-13) is divided by 10.
6
Let n(x) = x**3 - 4*x**2 + 10*x + 3. What is the remainder when n(4) is divided by 15?
13
Let r(a) be the first derivative of a**3/3 + 8*a - 1. Suppose -3*p - 18 = -2*u, 0 = -2*u + 7*u + 4*p - 91. Calculate the remainder when u is divided by r(0).
7
Suppose g - 5*g = 5*q - 135, -g - 41 = -2*q. Calculate the remainder when q is divided by 6.
5
Let a = 2 - -1. Suppose -t + 26 = -4*s, 37 = a*t + 4*s - 89. What is the remainder when t is divided by 3/9 + (-76)/(-6)?
12
Let x = -83 + 101. What is the remainder when 71 is divided by x?
17
Let f(j) = -j. Let l be 2/11 - (-448)/77. Let z = 13 - l. Calculate the remainder when z is divided by f(-4).
3
Let k = 21 - 15. Let s(b) = 2*b**2 + 17*b + 12. Calculate the remainder when k is divided by s(-8).
2
Suppose h - 9 = -2*f, 3*h - 2*h + 3 = 2*f. Calculate the remainder when f is divided by 3.
0
What is the remainder when 0/(-2) - (117/(-1) + 1) is divided by 30?
26
Suppose 5*z + 4 = 6*z. Suppose -3*t - t - z = 0. What is the remainder when 18 is divided by 1 + 8 + t - -2?
8
Let i = -6 + 13. Let t =